te o(4).
-301
Let d(n) = -41*n**2 + 2416*n - 6873. Calculate d(3).
6
Let j(h) = -h**2 - 150*h - 694. Calculate j(-146).
-110
Let q(d) = d**3 - 166*d**2 - 429*d - 13171. Determine q(169).
11
Let m(j) = -j**2 + 2219*j + 55113. What is m(-25)?
-987
Let c(k) = 3256*k**2 - 3255*k + 14. Calculate c(1).
15
Let g(o) = 2258*o - 83440. Calculate g(37).
106
Let x(z) = -2*z**2 - 4182*z - 670592. Calculate x(-175).
8
Let j(x) = -6*x**3 + 63*x**2 - 98*x + 145. Give j(9).
-8
Let v(c) = 889*c**3 - 906*c**2 - 896*c + 11. Give v(-1).
-888
Let c(m) = 3583*m + 25184. What is c(-7)?
103
Let h(c) = c**3 + 47*c**2 + 6919*c + 140119. What is h(-22)?
1
Let u(r) = -74*r**2 - 7154*r + 9606. Calculate u(-98).
2
Let m(n) = -11471*n - 3533082. Calculate m(-308).
-14
Let k(w) = -23*w**2 + 435*w - 1075. Calculate k(16).
-3
Let t(u) = -u**2 + 196708*u - 1967045. Give t(10).
-65
Let n(v) = 8364*v - 77426. Give n(9).
-2150
Let n(i) = 8414*i + 58423. Determine n(-7).
-475
Let r(g) = 29*g**3 - 4958*g**2 - 50*g - 20712. Determine r(171).
-21
Let n(f) = 3*f**3 - 104*f**2 - 136*f - 235. Determine n(36).
53
Let n(j) = -5820*j - 87913. What is n(-15)?
-613
Let p(q) = -18577*q + 275. Calculate p(0).
275
Let l(p) = 587*p - 1698. Determine l(-5).
-4633
Let d(j) = 386532*j + 2705722. Calculate d(-7).
-2
Let n(d) = -4*d**3 + 8*d**2 + 6052*d - 42330. What is n(7)?
-946
Let w(u) = 5*u**2 - 321*u + 4180. Calculate w(20).
-240
Let w(p) = p**2 - 213*p + 11159. What is w(122)?
57
Let q(b) = -b**3 + 210*b**2 - 624*b - 1108. Calculate q(207).
-1729
Let m(d) = 11183*d**2 + 3*d + 9. Calculate m(0).
9
Let x(l) = -l**2 - 79*l + 19551. Give x(-188).
-941
Let j(r) = -r**3 - 101*r**2 - 450*r - 5975. Determine j(-97).
39
Let r(b) = 6*b**2 - 99*b - 544. Calculate r(-7).
443
Let f(a) = 1519*a + 62854. Give f(-41).
575
Let z(s) = -s**3 + 35*s**2 - 253*s + 85. What is z(25)?
10
Let c(l) = -2*l**2 + 17*l + 1072. Calculate c(-19).
27
Let v(h) = 7*h**2 + 51*h - 819. Calculate v(13).
1027
Let f(m) = -6317*m + 132378. Give f(21).
-279
Let d(u) = u**2 + 1415*u + 11303. Determine d(-8).
47
Let r(o) = -9*o**2 + 2210*o - 11031. Calculate r(5).
-206
Let q(w) = 478*w**2 + 4326*w + 154. Determine q(-9).
-62
Let x(a) = 17*a**3 - 8*a**2 - 36*a - 169. Calculate x(-6).
-3913
Let i(h) = -594*h + 271559. Give i(457).
101
Let f(n) = -n**3 - 88*n**2 + 460*n - 452. Calculate f(-93).
13
Let z(s) = -8*s**3 + 330*s**2 + 348*s - 17642. What is z(41)?
-12
Let u(z) = -1447*z + 1405045. What is u(971)?
8
Let x(u) = -2*u**2 - 240*u - 2796. Calculate x(-107).
-14
Let t(s) = 35*s**2 + 15225*s + 8. Determine t(-435).
8
Let i(g) = 79013*g + 1185192. Give i(-15).
-3
Let h(x) = -2*x**3 - 667*x**2 - 1328*x + 1. Determine h(-2).
5
Let n(a) = 2*a**3 + 17*a**2 - 636*a - 5180. Give n(-8).
-28
Let s(w) = -244*w**2 + 13905*w + 59. Calculate s(57).
-112
Let h(d) = 41*d**3 + 20*d**2 - 15*d - 15. What is h(-1)?
-21
Let x(a) = 11*a**3 + 136*a**2 + 9*a - 497. Calculate x(-12).
-29
Let i(x) = -24*x**2 - 1432*x - 46. What is i(-59)?
898
Let c(t) = -64*t**3 + 16*t**2 - 12. Give c(-1).
68
Let i(b) = -b**3 - 66*b**2 + 69*b - 51. Calculate i(-67).
-185
Let x(j) = j**3 - 63*j**2 - 1347*j + 165. What is x(-17)?
-56
Let x(y) = -y**2 + 2722*y + 379726. Give x(-133).
11
Let f(x) = -x**2 + 116*x + 15865. Calculate f(180).
4345
Let l(g) = 204*g - 2519. What is l(13)?
133
Let w(c) = c**2 - 1609*c + 62686. Determine w(40).
-74
Let g(c) = 83073*c + 830703. Give g(-10).
-27
Let y(u) = -14427*u + 13841. Determine y(1).
-586
Let d(h) = 11405*h - 3033729. What is d(266)?
1
Let t(h) = 2760*h - 383638. What is t(139)?
2
Let o(w) = 7326*w - 1465238. What is o(200)?
-38
Let d(j) = -23424*j - 2108084. Give d(-90).
76
Let f(a) = -16*a**3 - 91*a**2 - 232*a - 877. Determine f(-5).
8
Let r(z) = 13*z**2 - 220*z - 27124. What is r(55)?
101
Let q(k) = -112323*k + 786256. Give q(7).
-5
Let h(s) = s**2 + 132*s + 3947. Determine h(-100).
747
Let b(y) = 53*y**2 + 82*y + 11. Calculate b(-5).
926
Let d(m) = -m**2 - 5973*m - 35806. Calculate d(-6).
-4
Let c(m) = -4255*m**3 + 29784*m**2 + 2*m + 36. Determine c(7).
1
Let o(m) = -m**3 + 104*m**2 + 905*m - 31. Calculate o(-8).
-103
Let d(z) = 202308*z - 3641527. Determine d(18).
17
Let j(f) = 59*f**3 - 13511*f**2 - 13*f + 2979. Give j(229).
2
Let j(n) = -2*n**3 - 2467*n**2 + 14871*n + 29. Give j(6).
11
Let i(u) = -9157*u + 2124385. Calculate i(232).
-39
Let t(d) = 32876*d + 1019146. Give t(-31).
-10
Let y(d) = -55*d**3 + 4*d**2 - 476*d + 1417. What is y(3)?
-1460
Let w(x) = x**2 + 41495*x + 3726458. Give w(-90).
8
Let f(k) = k**3 + 22*k**2 - 3984*k - 24486. What is f(-6)?
-6
Let c(u) = 237*u**2 - 44097*u + 2796. Calculate c(186).
6
Let t(q) = -q**2 - 1136*q + 5708. What is t(5)?
3
Let y(w) = -12*w**2 - 629*w + 2555. Give y(-57).
-580
Let l(h) = h**2 - 217*h + 10434. Determine l(145).
-6
Let d(s) = -s**3 + 33*s**2 - 187*s + 32. Determine d(24).
728
Let t(s) = 748067*s + 3740329. Determine t(-5).
-6
Let g(h) = -2*h**3 + 57*h**2 + 303*h + 100. Calculate g(33).
298
Let n(y) = -2487*y + 99482. Determine n(40).
2
Let m(i) = -40*i**2 - 3390*i + 352. What is m(-85)?
-498
Let r(h) = 37*h**3 - 3*h**2 + 95*h + 289. Give r(-3).
-1022
Let o(n) = -11687*n + 222044. Determine o(19).
-9
Let v(q) = -10*q**3 - 1939*q**2 + 187*q - 1351. Determine v(-194).
7
Let h(k) = -4*k**2 + 1455*k - 44531. Determine h(330).
19
Let v(r) = 154729*r + 1237816. Determine v(-8).
-16
Let a(t) = -1917*t - 1165968. What is a(-608)?
-432
Let h(u) = -5*u**2 - 58*u + 745. Give h(-15).
490
Let i(g) = -82*g - 10896. Calculate i(-125).
-646
Let q(g) = -6*g**3 + 109*g**2 - 435*g - 101. Calculate q(12).
7
Let q(j) = -40084*j + 160107. What is q(4)?
-229
Let b(w) = 2*w**2 - 314066*w - 3769085. Calculate b(-12).
-5
Let p(a) = 489*a - 15348. Determine p(35).
1767
Let n(u) = -u**3 - 12*u**2 + 6359*u + 76275. Calculate n(-12).
-33
Let p(u) = -u**3 + 10*u**2 + 25*u - 256. Give p(-5).
-6
Let k(r) = 47*r**2 + 8922*r - 1517. Calculate k(-190).
3
Let g(l) = -290*l - 20641. What is g(-71)?
-51
Let w(k) = k**3 - 311*k**2 - 1616*k + 11269. Give w(316).
-107
Let m(j) = -2*j**3 - 464*j**2 - 899*j + 3283. Determine m(-230).
-1547
Let n(c) = 2*c**2 - 139383*c + 7. What is n(0)?
7
Let y(v) = -227*v + 20893. Determine y(92).
9
Let n(f) = 5*f**2 - 44*f - 524. Give n(15).
-59
Let q(x) = 6*x**3 + 51*x**2 - 94*x + 96. Give q(-10).
136
Let y(o) = -o**3 + 336*o**2 - 22598*o - 430. What is y(243)?
-187
Let c(v) = 5121*v**2 - 20456*v - 9. What is c(4)?
103
Let v(o) = -7*o**2 - 66*o + 99. What is v(-11)?
-22
Let l(v) = 7*v**2 + 182*v + 1110. Give l(-12).
-66
Let k(z) = -2034*z**2 + 1344475*z - 655. What is k(661)?
6
Let p(l) = -3*l**2 - 74*l - 319. Calculate p(-39).
-1996
Let h(m) = 918624*m - 7348982. Give h(8).
10
Let q(b) = -b**2 + 2*b + 39526. What is q(-197)?
323
Let s(t) = -23*t**2 - 22441*t + 135491. Calculate s(6).
17
Let j(p) = 10*p**2 - 121*p + 244. Determine j(12).
232
Let g(q) = 91*q - 6422. Determine g(70).
-52
Let q(g) = 16183*g - 161941. What is q(10)?
-111
Let t(w) = -81*w**2 + 16576*w + 22648. Determine t(206).
-12
Let q(n) = -3212*n + 25781. What is q(8)?
85
Let h(j) = -2*j**3 - 42*j**2 + 189*j + 3975. Calculate h(-21).
6
Let u(w) = w**3 + 2*w**2 + 202*w + 1342. What is u(-6)?
-14
Let v(c) = c**2 - 157886*c - 1105238. Determine v(-7).
13
Let g(l) = l**3 + 108*l**2 - 144*l + 8301. Give g(-110).
-59
Let k(q) = 11919*q - 48120. Calculate k(4).
-444
Let t(o) = -2*o**3 - 21*o**2 + 6178*o + 49786. Give t(-8).
42
Let n(b) = b**2 - 2522*b - 15096. Give n(-6).
72
Let z(w) = 241*w + 1599. Give z(-7).
-88
Let n(p) = -243*p**2 - 1005*p + 1051. Calculate n(-5).
1
Let z(b) = -b**2 - 109*b - 1227. What is z(-12)?
-63
Let i(l) = 2*l**2 + 452*l - 21252. What is i(40)?
28
Let k(y) = -2*y**2 + 130*y + 854. Calculate k(71).
2
Let n(r) = 88*r**2 - 328*r - 38. What is n(7)?
1978
Let b(t) = 1141*t - 79744. Give b(70).
126
Let z(s) = 23*s**3 - 658*s**2 - 248*s - 385. Calculate z(29).
-8
Let l(g) = 2*g**3 + 16*g**2 - 28398*g - 85282. Calculate l(-3).
2
Let f(r) = -r**2 - 275*r + 4779. What is f(16)?
123
Let d(g) = -g**3 - 334*g**2 - 1005*g - 34. Calculate d(-3).
2
Let f(t) = 3587*t + 36489. Calculate f(-10).
619
Let n(o) = 13*o**2 + 9028*o - 27105. Calculate n(3).
96
Let t(f) = -7*f**2 + 1510*f - 6998. Calculate t(211).
-35